{"id":7056,"date":"2024-03-15T11:02:23","date_gmt":"2024-03-15T12:02:23","guid":{"rendered":"https:\/\/backend-ugpe.gov.cv\/?post_type=projetos&#038;p=7056"},"modified":"2026-03-12T12:30:54","modified_gmt":"2026-03-12T13:30:54","slug":"parque-tecnologico-de-cabo-verde-fase-ii","status":"publish","type":"projetos","link":"https:\/\/backend-ugpe.gov.cv\/en\/projetos\/parque-tecnologico-de-cabo-verde-fase-ii\/","title":{"rendered":"Tecnology Park  Project &#8211; Phase II"},"parent":0,"template":"","meta":{"om_disable_all_campaigns":false,"_mi_skip_tracking":false,"_monsterinsights_sitenote_active":false,"_monsterinsights_sitenote_note":"","_monsterinsights_sitenote_category":0,"site-sidebar-layout":"default","site-content-layout":"default","ast-global-header-display":"","ast-main-header-display":"","ast-hfb-above-header-display":"","ast-hfb-below-header-display":"","ast-hfb-mobile-header-display":"","site-post-title":"","ast-breadcrumbs-content":"","ast-featured-img":"","footer-sml-layout":"","theme-transparent-header-meta":"default","adv-header-id-meta":"","stick-header-meta":"","header-above-stick-meta":"","header-main-stick-meta":"","header-below-stick-meta":""},"areas_de_projeto":[15],"estado_do_projeto":[66],"class_list":["post-7056","projetos","type-projetos","status-publish","hentry","areas_de_projeto-tecnologica","estado_do_projeto-em-curso"],"acf":{"id_do_projeto":"P-CV-GB0-004","area_de_intervencao_ambiental_e_social":{"ID":4961,"post_author":"10","post_date":"2023-04-19 16:07:12","post_date_gmt":"2023-04-19 17:07:12","post_content":"","post_title":"Complaint Management","post_excerpt":"","post_status":"publish","comment_status":"closed","ping_status":"closed","post_password":"","post_name":"gestao-de-reclamacoes","to_ping":"","pinged":"","post_modified":"2023-05-24 15:09:59","post_modified_gmt":"2023-05-24 16:09:59","post_content_filtered":"","post_parent":0,"guid":"https:\/\/backend-ugpe.gov.cv\/?post_type=ambiental_e_social&#038;p=4961","menu_order":0,"post_type":"ambiental_e_social","post_mime_type":"","comment_count":"0","filter":"raw","post_title_ml":"[:pt]Gest\u00e3o de Reclama\u00e7\u00f5es[:en]Complaint Management[:]","post_title_langs":{"pt":true,"en":true}},"entidades_beneficiarias":[{"ID":9509,"post_author":"13","post_date":"2025-08-26 09:28:11","post_date_gmt":"2025-08-26 10:28:11","post_content":"","post_title":"Parque tecnologico SA","post_excerpt":"","post_status":"publish","comment_status":"closed","ping_status":"closed","post_password":"","post_name":"parque-tecnologico-sa","to_ping":"","pinged":"","post_modified":"2025-08-26 09:28:11","post_modified_gmt":"2025-08-26 10:28:11","post_content_filtered":"","post_parent":0,"guid":"https:\/\/backend-ugpe.gov.cv\/ent_beneficiarias\/parque-tecnologico-sa\/","menu_order":0,"post_type":"ent_beneficiarias","post_mime_type":"","comment_count":"0","filter":"raw"},{"ID":9510,"post_author":"13","post_date":"2025-08-26 09:28:11","post_date_gmt":"2025-08-26 10:28:11","post_content":"","post_title":"NOSi EPE","post_excerpt":"","post_status":"publish","comment_status":"closed","ping_status":"closed","post_password":"","post_name":"nosi-epe","to_ping":"","pinged":"","post_modified":"2025-08-26 09:28:11","post_modified_gmt":"2025-08-26 10:28:11","post_content_filtered":"","post_parent":0,"guid":"https:\/\/backend-ugpe.gov.cv\/ent_beneficiarias\/nosi-epe\/","menu_order":0,"post_type":"ent_beneficiarias","post_mime_type":"","comment_count":"0","filter":"raw"},{"ID":9511,"post_author":"13","post_date":"2025-08-26 09:28:11","post_date_gmt":"2025-08-26 10:28:11","post_content":"","post_title":"PR\u00d3 GARANTE","post_excerpt":"","post_status":"publish","comment_status":"closed","ping_status":"closed","post_password":"","post_name":"pro-garante","to_ping":"","pinged":"","post_modified":"2025-08-26 09:28:11","post_modified_gmt":"2025-08-26 10:28:11","post_content_filtered":"","post_parent":0,"guid":"https:\/\/backend-ugpe.gov.cv\/ent_beneficiarias\/pro-garante\/","menu_order":0,"post_type":"ent_beneficiarias","post_mime_type":"","comment_count":"0","filter":"raw"},{"ID":9512,"post_author":"13","post_date":"2025-08-26 09:28:11","post_date_gmt":"2025-08-26 10:28:11","post_content":"","post_title":"PR\u00d3 EMPRESA","post_excerpt":"","post_status":"publish","comment_status":"closed","ping_status":"closed","post_password":"","post_name":"pro-empresa-2","to_ping":"","pinged":"","post_modified":"2025-08-26 09:28:11","post_modified_gmt":"2025-08-26 10:28:11","post_content_filtered":"","post_parent":0,"guid":"https:\/\/backend-ugpe.gov.cv\/ent_beneficiarias\/pro-empresa-2\/","menu_order":0,"post_type":"ent_beneficiarias","post_mime_type":"","comment_count":"0","filter":"raw"},{"ID":9513,"post_author":"13","post_date":"2025-08-26 09:28:11","post_date_gmt":"2025-08-26 10:28:11","post_content":"","post_title":"PR\u00d3 CAPITAL","post_excerpt":"","post_status":"publish","comment_status":"closed","ping_status":"closed","post_password":"","post_name":"pro-capital","to_ping":"","pinged":"","post_modified":"2025-08-26 09:28:11","post_modified_gmt":"2025-08-26 10:28:11","post_content_filtered":"","post_parent":0,"guid":"https:\/\/backend-ugpe.gov.cv\/ent_beneficiarias\/pro-capital\/","menu_order":0,"post_type":"ent_beneficiarias","post_mime_type":"","comment_count":"0","filter":"raw"}],"gestor_do_projeto":{"ID":2575,"post_author":"13","post_date":"2022-01-28 11:21:45","post_date_gmt":"2022-01-28 12:21:45","post_content":"","post_title":"Special Projects Management Unit","post_excerpt":"","post_status":"publish","comment_status":"closed","ping_status":"closed","post_password":"","post_name":"ugpe","to_ping":"","pinged":"","post_modified":"2022-03-24 10:54:09","post_modified_gmt":"2022-03-24 11:54:09","post_content_filtered":"","post_parent":0,"guid":"https:\/\/backend-ugpe.gov.cv\/?post_type=gestor_de_projeto&#038;p=2575","menu_order":0,"post_type":"gestor_de_projeto","post_mime_type":"","comment_count":"0","filter":"raw","post_title_ml":"[:pt]Unidade de Gest\u00e3o de Projetos Especiais[:en]Special Projects Management Unit[:]","post_title_langs":{"pt":true,"en":true}},"data_de_entrada_em_vigor":"16\/10\/2023","data_de_encerramento":"","estado":"Em Curso","moeda":"EUR","valor_inicial_moeda_estrangeira":"14000000","valor_adicional_moeda_estrangeira":"","valor_total_moeda_estrangeira":"14000000","valor_inicial":"","valor_adicional":"","valor_total":"","objetivo":"O Projeto Parque Tecnol\u00f3gico -fase II (PTCV) visa criar um ambiente prop\u00edcio com incentivos apropriados para melhorar o crescimento da economia digital do pa\u00eds, melhorar a produtividade e aumentar a resili\u00eancia econ\u00f3mica; atrair e estimular a cria\u00e7\u00e3o de empresas inovadoras do setor privado e de empresas com capacidade t\u00e9cnica orientadas para produtos e servi\u00e7os \"verdes\", necess\u00e1rias para apoiar o crescimento econ\u00f3mico do pa\u00eds e criar empregos para a sua juventude; promover o desenvolvimento de m\u00e3o-de-obra tecnol\u00f3gica qualificada que possa ser externalizada para opera\u00e7\u00f5es de back-office no desenvolvimento de software, e cloud hosting; construir a resili\u00eancia do setor das TIC ao impacto das altera\u00e7\u00f5es clim\u00e1ticas.","descricao":"O Projeto Parque Tecnol\u00f3gico (PTCV) - Fase II visa transformar o pa\u00eds num polo digital e de inova\u00e7\u00e3o atrav\u00e9s da operacionaliza\u00e7\u00e3o de um parque tecnol\u00f3gico de \u00faltima gera\u00e7\u00e3o, com capacidade para acolher, apoiar e promover empresas e diferentes tipos de entidades num ambiente colaborativo e inovador, com fortes parcerias externas e grande visibilidade a n\u00edvel nacional e internacional, contribuindo assim para o crescimento inclusivo, resistente ao clima e com baixo teor de carbono e para a diversifica\u00e7\u00e3o econ\u00f3mica do pa\u00eds, alavancando as TIC como potenciadoras da produtividade e da inova\u00e7\u00e3o em todos os setores de crescimento.","imagem":{"ID":7073,"id":7073,"title":"15_007_B12_EXE_TC_F3D1.1-1024x693","filename":"15_007_B12_EXE_TC_F3D1.1-1024x693-1.jpg","filesize":163982,"url":"https:\/\/backend-ugpe.gov.cv\/wp-content\/uploads\/2024\/03\/15_007_B12_EXE_TC_F3D1.1-1024x693-1.jpg","link":"https:\/\/backend-ugpe.gov.cv\/en\/projetos\/parque-tecnologico-de-cabo-verde-fase-ii\/15_007_b12_exe_tc_f3d1-1-1024x693\/","alt":"","author":"13","description":"15_007_B12_EXE_TC_F3D1.1-1024x693","caption":"15_007_B12_EXE_TC_F3D1.1-1024x693","name":"15_007_b12_exe_tc_f3d1-1-1024x693","status":"inherit","uploaded_to":7056,"date":"2024-03-15 13:38:29","modified":"2024-03-15 13:38:39","menu_order":0,"mime_type":"image\/jpeg","type":"image","subtype":"jpeg","icon":"https:\/\/backend-ugpe.gov.cv\/wp-includes\/images\/media\/default.png","width":1024,"height":693,"sizes":{"thumbnail":"https:\/\/backend-ugpe.gov.cv\/wp-content\/uploads\/2024\/03\/15_007_B12_EXE_TC_F3D1.1-1024x693-1-150x150.jpg","thumbnail-width":150,"thumbnail-height":150,"medium":"https:\/\/backend-ugpe.gov.cv\/wp-content\/uploads\/2024\/03\/15_007_B12_EXE_TC_F3D1.1-1024x693-1-300x203.jpg","medium-width":300,"medium-height":203,"medium_large":"https:\/\/backend-ugpe.gov.cv\/wp-content\/uploads\/2024\/03\/15_007_B12_EXE_TC_F3D1.1-1024x693-1-768x520.jpg","medium_large-width":768,"medium_large-height":520,"large":"https:\/\/backend-ugpe.gov.cv\/wp-content\/uploads\/2024\/03\/15_007_B12_EXE_TC_F3D1.1-1024x693-1.jpg","large-width":1024,"large-height":693,"1536x1536":"https:\/\/backend-ugpe.gov.cv\/wp-content\/uploads\/2024\/03\/15_007_B12_EXE_TC_F3D1.1-1024x693-1.jpg","1536x1536-width":1024,"1536x1536-height":693,"2048x2048":"https:\/\/backend-ugpe.gov.cv\/wp-content\/uploads\/2024\/03\/15_007_B12_EXE_TC_F3D1.1-1024x693-1.jpg","2048x2048-width":1024,"2048x2048-height":693}},"componentes":false,"grupos_de_indicadores":false,"documentos":[{"titulo":"Procurement Plan do Cabo Verde Tecnology Park  Project - Phase II","referencia":"P-CV-GB0-004","ficheiro":{"ID":6748,"id":6748,"title":"PPM - Cabo Verde - Cabo Verde Technology Park Phase II","filename":"PPM-Cabo-Verde-Cabo-Verde-Technology-Park-Phase-II.pdf","filesize":1285105,"url":"https:\/\/backend-ugpe.gov.cv\/wp-content\/uploads\/2021\/11\/PPM-Cabo-Verde-Cabo-Verde-Technology-Park-Phase-II.pdf","link":"https:\/\/backend-ugpe.gov.cv\/en\/projetos\/projecto-parque-tecnologico\/ppm-cabo-verde-cabo-verde-technology-park-phase-ii\/","alt":"","author":"13","description":"PPM - Cabo Verde - Cabo Verde Technology Park Phase II","caption":"PPM - Cabo Verde - Cabo Verde Technology Park Phase II","name":"ppm-cabo-verde-cabo-verde-technology-park-phase-ii","status":"inherit","uploaded_to":2013,"date":"2024-02-18 19:57:05","modified":"2024-02-18 19:57:31","menu_order":0,"mime_type":"application\/pdf","type":"application","subtype":"pdf","icon":"https:\/\/backend-ugpe.gov.cv\/wp-includes\/images\/media\/document.png"},"icone":false,"tipo_documento":[]},{"titulo":"General Procurement Notice","referencia":"P-CV-GB0-004","ficheiro":{"ID":7095,"id":7095,"title":"GPN - Cabo Verde - Technology Park Project \u2013 Phase II","filename":"GPN-Cabo-Verde-Technology-Park-Project-\u2013-Phase-II.pdf","filesize":646303,"url":"https:\/\/backend-ugpe.gov.cv\/wp-content\/uploads\/2024\/03\/GPN-Cabo-Verde-Technology-Park-Project-\u2013-Phase-II.pdf","link":"https:\/\/backend-ugpe.gov.cv\/en\/projetos\/parque-tecnologico-de-cabo-verde-fase-ii\/gpn-cabo-verde-technology-park-project-phase-ii\/","alt":"","author":"13","description":"GPN - Cabo Verde - Technology Park Project \u2013 Phase II","caption":"GPN - Cabo Verde - Technology Park Project \u2013 Phase II","name":"gpn-cabo-verde-technology-park-project-phase-ii","status":"inherit","uploaded_to":7056,"date":"2024-03-20 17:26:03","modified":"2024-03-20 17:26:23","menu_order":0,"mime_type":"application\/pdf","type":"application","subtype":"pdf","icon":"https:\/\/backend-ugpe.gov.cv\/wp-includes\/images\/media\/document.png"},"icone":false,"tipo_documento":[]}],"percentagem_de_execucao":"1"},"area_projeto":"Technology","_links":{"self":[{"href":"https:\/\/backend-ugpe.gov.cv\/en\/wp-json\/wp\/v2\/projetos\/7056","targetHints":{"allow":["GET"]}}],"collection":[{"href":"https:\/\/backend-ugpe.gov.cv\/en\/wp-json\/wp\/v2\/projetos"}],"about":[{"href":"https:\/\/backend-ugpe.gov.cv\/en\/wp-json\/wp\/v2\/types\/projetos"}],"wp:attachment":[{"href":"https:\/\/backend-ugpe.gov.cv\/en\/wp-json\/wp\/v2\/media?parent=7056"}],"wp:term":[{"taxonomy":"areas_de_projeto","embeddable":true,"href":"https:\/\/backend-ugpe.gov.cv\/en\/wp-json\/wp\/v2\/areas_de_projeto?post=7056"},{"taxonomy":"estado_do_projeto","embeddable":true,"href":"https:\/\/backend-ugpe.gov.cv\/en\/wp-json\/wp\/v2\/estado_do_projeto?post=7056"}],"curies":[{"name":"wp","href":"https:\/\/api.w.org\/{rel}","templated":true}]}}

[:pt]Gestão de Reclamações[:en]Complaint Management[:]

PRÓ GARANTE

PRÓ EMPRESA

PRÓ CAPITAL

[:pt]Unidade de Gestão de Projetos Especiais[:en]Special Projects Management Unit[:]

O Projeto Parque Tecnológico -fase II (PTCV) visa criar um ambiente propício com incentivos apropriados para melhorar o crescimento da economia digital do país, melhorar a produtividade e aumentar a resiliência económica; atrair e estimular a criação de empresas inovadoras do setor privado e de empresas com capacidade técnica orientadas para produtos e serviços "verdes", necessárias para apoiar o crescimento económico do país e criar empregos para a sua juventude; promover o desenvolvimento de mão-de-obra tecnológica qualificada que possa ser externalizada para operações de back-office no desenvolvimento de software, e cloud hosting; construir a resiliência do setor das TIC ao impacto das alterações climáticas.

O Projeto Parque Tecnológico (PTCV) - Fase II visa transformar o país num polo digital e de inovação através da operacionalização de um parque tecnológico de última geração, com capacidade para acolher, apoiar e promover empresas e diferentes tipos de entidades num ambiente colaborativo e inovador, com fortes parcerias externas e grande visibilidade a nível nacional e internacional, contribuindo assim para o crescimento inclusivo, resistente ao clima e com baixo teor de carbono e para a diversificação económica do país, alavancando as TIC como potenciadoras da produtividade e da inovação em todos os setores de crescimento.
