{"id":4946,"date":"2023-04-19T15:43:56","date_gmt":"2023-04-19T16:43:56","guid":{"rendered":"https:\/\/backend-ugpe.gov.cv\/?page_id=4946"},"modified":"2023-05-25T09:27:50","modified_gmt":"2023-05-25T10:27:50","slug":"salvaguardas","status":"publish","type":"page","link":"https:\/\/backend-ugpe.gov.cv\/en\/salvaguardas\/","title":{"rendered":"E&#038;S Safeguards"},"content":{"rendered":"","protected":false},"excerpt":{"rendered":"","protected":false},"author":10,"featured_media":0,"parent":0,"menu_order":0,"comment_status":"closed","ping_status":"closed","template":"","meta":{"om_disable_all_campaigns":false,"_mi_skip_tracking":false,"_monsterinsights_sitenote_active":false,"_monsterinsights_sitenote_note":"","_monsterinsights_sitenote_category":0,"site-sidebar-layout":"default","site-content-layout":"default","ast-global-header-display":"","ast-main-header-display":"","ast-hfb-above-header-display":"","ast-hfb-below-header-display":"","ast-hfb-mobile-header-display":"","site-post-title":"","ast-breadcrumbs-content":"","ast-featured-img":"","footer-sml-layout":"","theme-transparent-header-meta":"default","adv-header-id-meta":"","stick-header-meta":"","header-above-stick-meta":"","header-main-stick-meta":"","header-below-stick-meta":"","footnotes":""},"destaque":[],"class_list":["post-4946","page","type-page","status-publish","hentry"],"acf":{"descricao":"<p style=\"text-align: justify;\">In a comprehensive way, environmental and social safeguards in the context of projects financed by international financial institutions constitute a set of environmental and social requirements that must be implemented from the design of investment projects to their completion. The requirements include the assessment of the environmental and social risks and impacts of the projects, the definition of the tools to help comply with the identified environmental and social obligations and the mitigation of negative impacts, in addition to the aspects related to project monitoring, increased stakeholder participation, transparency, and governance, in order to boost prosperity in a sustainable way, with benefits for the environment and for the people.<\/p>\n","formulario":{"titulo":"UGPE - Reclama\u00e7\u00e3o Geral","link":"https:\/\/docs.google.com\/forms\/d\/e\/1FAIpQLSc5yiLT9gBdqzLxzVQbf5yIsLAvFEF-K7rCvISVNrAi0XfFLA\/viewform","qr_code":{"ID":5019,"id":5019,"title":"6c0ea190-87a2-4d97-814d-4b3830a329bb","filename":"6c0ea190-87a2-4d97-814d-4b3830a329bb.png","filesize":67459,"url":"https:\/\/backend-ugpe.gov.cv\/wp-content\/uploads\/2023\/04\/6c0ea190-87a2-4d97-814d-4b3830a329bb.png","link":"https:\/\/backend-ugpe.gov.cv\/en\/salvaguardas\/6c0ea190-87a2-4d97-814d-4b3830a329bb\/","alt":"","author":"10","description":"","caption":"","name":"6c0ea190-87a2-4d97-814d-4b3830a329bb","status":"inherit","uploaded_to":4946,"date":"2023-04-24 16:59:55","modified":"2023-04-24 16:59:55","menu_order":0,"mime_type":"image\/png","type":"image","subtype":"png","icon":"https:\/\/backend-ugpe.gov.cv\/wp-includes\/images\/media\/default.png","width":1200,"height":1200,"sizes":{"thumbnail":"https:\/\/backend-ugpe.gov.cv\/wp-content\/uploads\/2023\/04\/6c0ea190-87a2-4d97-814d-4b3830a329bb-150x150.png","thumbnail-width":150,"thumbnail-height":150,"medium":"https:\/\/backend-ugpe.gov.cv\/wp-content\/uploads\/2023\/04\/6c0ea190-87a2-4d97-814d-4b3830a329bb-300x300.png","medium-width":300,"medium-height":300,"medium_large":"https:\/\/backend-ugpe.gov.cv\/wp-content\/uploads\/2023\/04\/6c0ea190-87a2-4d97-814d-4b3830a329bb-768x768.png","medium_large-width":768,"medium_large-height":768,"large":"https:\/\/backend-ugpe.gov.cv\/wp-content\/uploads\/2023\/04\/6c0ea190-87a2-4d97-814d-4b3830a329bb-1024x1024.png","large-width":1024,"large-height":1024,"1536x1536":"https:\/\/backend-ugpe.gov.cv\/wp-content\/uploads\/2023\/04\/6c0ea190-87a2-4d97-814d-4b3830a329bb.png","1536x1536-width":1200,"1536x1536-height":1200,"2048x2048":"https:\/\/backend-ugpe.gov.cv\/wp-content\/uploads\/2023\/04\/6c0ea190-87a2-4d97-814d-4b3830a329bb.png","2048x2048-width":1200,"2048x2048-height":1200}}},"email":"reclamacao.ugpe@mf.gov.cv","linha_verde":"8001314","areas_de_intervencao_ambiental_e_social":[{"ID":4964,"post_author":"10","post_date":"2023-04-19 16:21:51","post_date_gmt":"2023-04-19 17:21:51","post_content":"","post_title":"Environmental and Social Instruments","post_excerpt":"","post_status":"publish","comment_status":"closed","ping_status":"closed","post_password":"","post_name":"instrumentos-ambientais-e-sociais","to_ping":"","pinged":"","post_modified":"2023-05-24 15:12:20","post_modified_gmt":"2023-05-24 16:12:20","post_content_filtered":"","post_parent":0,"guid":"https:\/\/backend-ugpe.gov.cv\/?post_type=ambiental_e_social&#038;p=4964","menu_order":2,"post_type":"ambiental_e_social","post_mime_type":"","comment_count":"0","filter":"raw","post_title_ml":"[:pt]Instrumentos Ambientais e Sociais[:en]Environmental and Social Instruments[:]","post_title_langs":{"pt":true,"en":true}},{"ID":4961,"post_author":"10","post_date":"2023-04-19 16:07:12","post_date_gmt":"2023-04-19 17:07:12","post_content":"","post_title":"Complaint Management","post_excerpt":"","post_status":"publish","comment_status":"closed","ping_status":"closed","post_password":"","post_name":"gestao-de-reclamacoes","to_ping":"","pinged":"","post_modified":"2023-05-24 15:09:59","post_modified_gmt":"2023-05-24 16:09:59","post_content_filtered":"","post_parent":0,"guid":"https:\/\/backend-ugpe.gov.cv\/?post_type=ambiental_e_social&#038;p=4961","menu_order":0,"post_type":"ambiental_e_social","post_mime_type":"","comment_count":"0","filter":"raw","post_title_ml":"[:pt]Gest\u00e3o de Reclama\u00e7\u00f5es[:en]Complaint Management[:]","post_title_langs":{"pt":true,"en":true}},{"ID":5073,"post_author":"10","post_date":"2023-04-26 09:32:14","post_date_gmt":"2023-04-26 10:32:14","post_content":"","post_title":"Engagement of Stakeholders","post_excerpt":"","post_status":"publish","comment_status":"closed","ping_status":"closed","post_password":"","post_name":"engajamento-dos-stakeholders","to_ping":"","pinged":"","post_modified":"2023-05-24 15:15:16","post_modified_gmt":"2023-05-24 16:15:16","post_content_filtered":"","post_parent":0,"guid":"https:\/\/backend-ugpe.gov.cv\/?post_type=ambiental_e_social&#038;p=5073","menu_order":4,"post_type":"ambiental_e_social","post_mime_type":"","comment_count":"0","filter":"raw","post_title_ml":"[:pt]Engajamento dos Stakeholders[:en]Engagement of Stakeholders[:]","post_title_langs":{"pt":true,"en":true}},{"ID":5074,"post_author":"10","post_date":"2023-04-26 09:32:56","post_date_gmt":"2023-04-26 10:32:56","post_content":"","post_title":"Risk Management of GBV and Violence Against Children","post_excerpt":"","post_status":"publish","comment_status":"closed","ping_status":"closed","post_password":"","post_name":"gestao-de-riscos-de-vbg-e-violencia-contra-crianca","to_ping":"","pinged":"","post_modified":"2023-05-24 15:13:43","post_modified_gmt":"2023-05-24 16:13:43","post_content_filtered":"","post_parent":0,"guid":"https:\/\/backend-ugpe.gov.cv\/?post_type=ambiental_e_social&#038;p=5074","menu_order":3,"post_type":"ambiental_e_social","post_mime_type":"","comment_count":"0","filter":"raw","post_title_ml":"[:pt]Gest\u00e3o de Riscos de VBG e Viol\u00eancia Contra Crian\u00e7a[:en]Risk Management of GBV and Violence Against Children[:]","post_title_langs":{"pt":true,"en":true}},{"ID":5052,"post_author":"10","post_date":"2023-04-25 12:14:19","post_date_gmt":"2023-04-25 13:14:19","post_content":"","post_title":"Protocols and Partnerships","post_excerpt":"","post_status":"publish","comment_status":"closed","ping_status":"closed","post_password":"","post_name":"protocolos-e-parcerias","to_ping":"","pinged":"","post_modified":"2023-05-24 15:17:02","post_modified_gmt":"2023-05-24 16:17:02","post_content_filtered":"","post_parent":0,"guid":"https:\/\/backend-ugpe.gov.cv\/?post_type=ambiental_e_social&#038;p=5052","menu_order":7,"post_type":"ambiental_e_social","post_mime_type":"","comment_count":"0","filter":"raw","post_title_ml":"[:pt]Protocolos e Parcerias[:en]Protocols and Partnerships[:]","post_title_langs":{"pt":true,"en":true}},{"ID":5070,"post_author":"10","post_date":"2023-04-26 09:29:13","post_date_gmt":"2023-04-26 10:29:13","post_content":"","post_title":"Environmental and Social Monitoring","post_excerpt":"","post_status":"publish","comment_status":"closed","ping_status":"closed","post_password":"","post_name":"monitorizacao-ambiental-e-social","to_ping":"","pinged":"","post_modified":"2023-05-24 15:18:28","post_modified_gmt":"2023-05-24 16:18:28","post_content_filtered":"","post_parent":0,"guid":"https:\/\/backend-ugpe.gov.cv\/?post_type=ambiental_e_social&#038;p=5070","menu_order":1,"post_type":"ambiental_e_social","post_mime_type":"","comment_count":"0","filter":"raw","post_title_ml":"[:pt]Monitoriza\u00e7\u00e3o Ambiental e Social[:en]Environmental and Social Monitoring[:]","post_title_langs":{"pt":true,"en":true}}]},"_links":{"self":[{"href":"https:\/\/backend-ugpe.gov.cv\/en\/wp-json\/wp\/v2\/pages\/4946","targetHints":{"allow":["GET"]}}],"collection":[{"href":"https:\/\/backend-ugpe.gov.cv\/en\/wp-json\/wp\/v2\/pages"}],"about":[{"href":"https:\/\/backend-ugpe.gov.cv\/en\/wp-json\/wp\/v2\/types\/page"}],"author":[{"embeddable":true,"href":"https:\/\/backend-ugpe.gov.cv\/en\/wp-json\/wp\/v2\/users\/10"}],"replies":[{"embeddable":true,"href":"https:\/\/backend-ugpe.gov.cv\/en\/wp-json\/wp\/v2\/comments?post=4946"}],"version-history":[{"count":21,"href":"https:\/\/backend-ugpe.gov.cv\/en\/wp-json\/wp\/v2\/pages\/4946\/revisions"}],"predecessor-version":[{"id":5221,"href":"https:\/\/backend-ugpe.gov.cv\/en\/wp-json\/wp\/v2\/pages\/4946\/revisions\/5221"}],"wp:attachment":[{"href":"https:\/\/backend-ugpe.gov.cv\/en\/wp-json\/wp\/v2\/media?parent=4946"}],"wp:term":[{"taxonomy":"destaque","embeddable":true,"href":"https:\/\/backend-ugpe.gov.cv\/en\/wp-json\/wp\/v2\/destaque?post=4946"}],"curies":[{"name":"wp","href":"https:\/\/api.w.org\/{rel}","templated":true}]}}

UGPE - Reclamação Geral

[:pt]Gestão de Reclamações[:en]Complaint Management[:]

[:pt]Gestão de Riscos de VBG e Violência Contra Criança[:en]Risk Management of GBV and Violence Against Children[:]

[:pt]Monitorização Ambiental e Social[:en]Environmental and Social Monitoring[:]
